 v?
4
Suppose -8*s + 24*s - 148085 = 263531. What is the hundreds digit of s?
7
Let r = -1042 + 4644. What is the hundreds digit of r?
6
Let n(y) = y**3 + 21*y**2 - 23*y - 18. Suppose -5*s - 20 = 90. Let g be n(s). Suppose -2*z = 3*w - 8, -4*w - g*z + 29 = -5*z. What is the units digit of w?
6
Let r = 17 + -8. Let b = r + 101. Suppose 0 = -m + 3*m - 2*d - b, -4*m + 225 = -5*d. What is the tens digit of m?
5
Suppose -15*b + 20*b + 50 = 0. What is the hundreds digit of (-3700)/(-7) + (150/(-35))/b?
5
Let p = 41 + -27. Let b(t) = 2*t - 35. Let k be b(27). Suppose k*a = 17*a + p. What is the units digit of a?
7
Let b(c) = c**2 - 11*c + 27. Let v be b(8). Suppose v*a = 6 + 6. Suppose 3*r - 2*y - 101 = -0*y, -y + 131 = a*r. What is the tens digit of r?
3
Let n be 2/4*(-12 - -22). Suppose -5*v - 30 = n*l, 2*v - 4*v - 5*l = 0. Let z = 100 + v. What is the tens digit of z?
9
Suppose 2*i + 91 = 323. Let o = 121 - i. Suppose 5*c + 3*j = 580, -2*j - 5 = o. What is the tens digit of c?
1
Let x(i) = 36*i**2 + 9*i - 7. Let t(m) = -72*m**2 - 19*m + 15. Let s(g) = 6*t(g) + 13*x(g). What is the tens digit of s(3)?
3
Let r(g) = -5660*g + 6273. What is the ten thousands digit of r(-7)?
4
Let q = -7701 - -14246. What is the hundreds digit of q?
5
Suppose 6601 = 129*o - 122*o. Suppose r = -5*y + 1463, 0 = 3*y + 4*r + 72 - o. What is the tens digit of y?
9
Let z = 22275 + -13133. What is the tens digit of z?
4
What is the tens digit of (13/(13/2597))/(99/48 + -2)?
5
Let z(t) = 859*t - 21. Let u be z(6). Suppose 0 = -25*i + 18092 + u. What is the units digit of i?
9
Suppose 0 = 23*o - 30*o - 1722. Let l = o + 1587. What is the tens digit of l?
4
Let x(v) be the second derivative of v**5/20 + 7*v**4/4 + 9*v**3 - 23*v**2/2 + 19*v. What is the hundreds digit of x(-15)?
5
Let l = 29 - 100. Let c be 52/(-13) + -1 + l. Let i = c + 233. What is the tens digit of i?
5
Suppose 2*b + 2*b - 12 = 0. Suppose -3*v = 0, 4*l + b*v = 334 + 338. Let z = l - 111. What is the units digit of z?
7
Suppose -3*x = 4*m - 53, 3*m - 56 = -2*x + 3*x. Suppose -m - 483 = -4*d. Suppose 3*z - d = -h, -6*z = -4*z + 5*h - 79. What is the tens digit of z?
4
Let z(f) = -2*f**3 - 9*f**2 - 5*f + 1. Let k be z(-4). Suppose 2*q + 54 = k*s + 241, 0 = s + q + 43. Let t = s - -183. What is the units digit of t?
4
Let v(g) = -g**3 - 5*g**2 + 2*g - 20. Let i be v(-6). Suppose -4*w - c + 2158 = 131, 0 = i*w - 4*c - 2052. What is the units digit of w?
8
Suppose -193*w - 27675 = -196*w + 9*f, -5*f - 46215 = -5*w. What is the units digit of w?
2
Suppose -24*x + 16*x = -4584. Suppose 3*a = -5*o + 1689, -a + x = 3*o + 2*o. What is the units digit of a?
8
Suppose -4*k - 432 = -10*k. Let i = -67 + k. Suppose i*b = 4*q + 194 + 402, 601 = 5*b + q. What is the units digit of b?
0
Let z(x) = -23*x + 31. Let v be z(-5). Suppose -41*f + v = -39*f. What is the tens digit of f?
7
Let v be (-23038)/(-5) + (456/40 - 11). Suppose 82*z + v = 91*z. What is the hundreds digit of z?
5
Suppose -31*k - 371 = -37*k + 4045. What is the units digit of k?
6
Let w(d) = 14*d + 12*d + 254*d**2 + 16 + 10*d - 27*d. What is the hundreds digit of w(-2)?
0
Let s(y) be the third derivative of -11*y**5/120 + y**4/4 - 5*y**3/3 - 15*y**2. Let t(j) be the first derivative of s(j). What is the units digit of t(-5)?
1
Let a be 9/(-10)*6 + (-45)/75. What is the units digit of (-8382)/(-8) - a/24?
8
Suppose 13*a - 4*a = 1116. Suppose -h + a = -5*t, -h + 2*t + 79 = -33. What is the tens digit of h?
0
Let c be (-39734)/(-22) + 3/(-33). Suppose -c + 5478 = 8*m. What is the tens digit of m?
5
Let j = 127 + 9. Let i = 139 - j. Suppose 2*c - 4*d - 30 = 0, 0*c + 45 = i*c - 4*d. What is the tens digit of c?
1
Let f = -466 - 558. Let b = -550 - f. What is the units digit of b?
4
Let h(s) = -270*s - 116. Let o(z) = 2*z + 3. Let j(l) = -h(l) - 5*o(l). What is the tens digit of j(4)?
4
Let h(g) = 4733*g - 2234. What is the ten thousands digit of h(5)?
2
Suppose 5*y = -2*c + 121276, 24*y = 3*c + 27*y - 181941. What is the units digit of c?
3
Suppose 2*a = -2*v - 2112, -v + 6*a = 4*a + 1071. Let l = 2207 + v. What is the tens digit of l?
4
Suppose 3*q + 10 = -4*l, 4*q = -9 + 1. Let n be (-2 - -1)*(l + -4). Let j(c) = 22*c + 16. What is the tens digit of j(n)?
2
Let a(s) = s**3 - 2. Let t be a(1). What is the units digit of 73/(t + 2*(0 + 1))?
3
Let w be 0/(2/(4/4)). Suppose -4*j + 4 = w, 0*j = 3*r - 2*j + 125. Let k = r + 96. What is the units digit of k?
5
Let a(w) = 2*w - 21. Let l be (-20 - -8) + 2 + 1 + -2. Let h be a(l). Let u = h - -90. What is the units digit of u?
7
Suppose 5*x + 4*n = 343307 - 22400, 5*x - 4*n = 320843. What is the hundreds digit of x?
1
Let a be (-2)/3*(-825)/(-50). Let h(f) = f**3 + 14*f**2 - 24*f + 1. Let s be h(a). Suppose 0*o + s = 4*x + 2*o, 5*o = 20. What is the hundreds digit of x?
1
Let m(z) = -3*z**3 + z**2 + 31*z + 86. Let o be m(-4). Suppose -179*v + o*v = -9891. What is the tens digit of v?
9
Suppose -4*y + 9156 = 3*u + 2*u, 4*u - 3*y = 7331. Suppose -4*j + u = 4*l, j + l = 2*l + 462. What is the hundreds digit of j?
4
Let y(i) be the first derivative of i**4/4 - 3*i**3 - 8*i**2 - 3*i + 1. Let l(k) = -k**3 - 17*k**2 + 18*k + 11. Let n be l(-18). What is the tens digit of y(n)?
6
Let h be 22/(-44)*0/(-1). Suppose h*v = 43*v - 67983. What is the thousands digit of v?
1
Let d(x) = -222*x + 643. What is the tens digit of d(-30)?
0
Let c = -278 + 763. Let h = c + -339. What is the tens digit of h?
4
Suppose -75 + 63 = -o. Suppose -2*d - o*d + 4172 = 0. What is the units digit of d?
8
Suppose 13 - 25 = -3*s. Suppose -3*h - 55 = -s*y - 978, -2 = -2*y. What is the tens digit of h?
0
Let b(m) = 57*m - 155. Let l(i) = 2*i + 1. Let t(z) = -b(z) - 2*l(z). What is the hundreds digit of t(-17)?
1
What is the ten thousands digit of (27926/6)/(47/(-3) - -16)?
1
Let j(h) = h**2 - 8*h - 51. Let d = 116 + -97. What is the tens digit of j(d)?
5
Let c be (58/12)/(17/(-51))*-22. Suppose -9*q = c + 77. What is the tens digit of q/(-154) + (-1188)/(-7)?
7
Suppose 5*d + 5*j = 345, -2*d + 4*j + 237 = 75. Let z = -57 + d. What is the tens digit of 306/z + 1/(-8)?
1
Suppose 67*z - 70*z - 50047 = -t, 4*z = -3*t + 150089. What is the thousands digit of t?
0
Let b(u) = u**2 + 13*u + 13. Let w be b(18). Let z = 925 - w. What is the tens digit of z*(-2 - 2)/(-8)?
7
Suppose 4*d = -5*f + 175, -4*f - d + 140 = d. Suppose f = z - 192. What is the units digit of z?
7
What is the ten thousands digit of -18 + (-28)/(644/(-1044867))?
4
Let o = -154 - -142. What is the tens digit of (o - 0)/(10/(-165))?
9
Suppose 3*a + 85 = -2*f, -2*f - 31 = 2*a + 27. Let r = a - -31. Suppose -2*t + 3*c + 179 = r*c, 5*c = -5*t + 450. What is the tens digit of t?
8
Let y(n) = -4*n**2 + 3*n - 5. Let l(u) = -11*u**2 + 9*u - 14. Let j(p) = 6*l(p) - 17*y(p). Let s be j(-4). What is the units digit of 3/((-18)/s)*-24?
4
Let v(w) = 10*w**2 + 18*w - 251. What is the tens digit of v(19)?
0
Let w(j) be the first derivative of -131*j**2/2 - 87*j + 157. What is the units digit of w(-6)?
9
Suppose -3*f - f - 3*f + 48125 = 0. What is the hundreds digit of f?
8
Suppose 19*f - 40326 - 128717 - 63840 = 0. What is the ten thousands digit of f?
1
Let k(h) = 121*h + 0 - 1 + 0 + 2. Let w be k(-1). Let p = w - -193. What is the tens digit of p?
7
Let c = -96 + 167. Suppose 6*o - 1075 = c. What is the units digit of o?
1
Suppose -3*f + h + 20 = 2*h, 5*f = 2*h + 26. What is the units digit of (8/f)/(-3 + 271/90)?
0
Suppose -4*l + 12 = 0, 3*l = -2*p - 0*l + 67. Let k(s) = s**2 + 25*s - 80. What is the hundreds digit of k(p)?
4
Let a(t) = 1960*t - 181. What is the ten thousands digit of a(9)?
1
Suppose -10287 - 1098 = -5*g + 5*j, -5*g - j = -11409. What is the tens digit of g?
8
Suppose 284 = 10*u - 836. Suppose 0 = y - 3*y - u. Let j = -18 - y. What is the tens digit of j?
3
Let f(s) = -23*s + 532. Let x be f(0). Let k = 761 - x. What is the hundreds digit of k?
2
Let b(j) = -j**2 - 6*j - 4. Let i be b(-3). Suppose 0 = -3*y - 5*c + 63 + 16, 5*y - 135 = -i*c. Let g = 45 + y. What is the tens digit of g?
7
What is the hundreds digit of ((-5920)/12)/20*(-78)/4?
4
What is the tens digit of (12250/(-75))/((-8)/204)?
6
Let p = 27 - 24. Suppose 0*b = p*b. Suppose 8*u - 694 - 322 = b. What is the tens digit of u?
2
L